{"id":337,"date":"2021-08-02T14:55:59","date_gmt":"2021-08-02T14:55:59","guid":{"rendered":"http:\/\/www.humanaitalia.org\/blog\/?page_id=337"},"modified":"2025-01-13T14:36:18","modified_gmt":"2025-01-13T14:36:18","slug":"chi-siamo","status":"publish","type":"page","link":"https:\/\/www.humanaitalia.org\/blog\/chi-siamo\/","title":{"rendered":"Chi siamo"},"content":{"rendered":"\n<p class=\"has-text-align-left\"><strong><a href=\"https:\/\/www.humanaitalia.org\/\" target=\"_blank\" rel=\"noreferrer noopener\">Humana People to People Italia<\/a>\u00a0<\/strong>\u00e8 un\u2019<strong>organizzazione\u00a0non profit<\/strong> che trova le proprie fondamenta nei concetti di\u00a0<strong>solidariet\u00e0<\/strong>\u00a0e di\u00a0<strong>sostenibilit\u00e0<\/strong>.<br>Da oltre venticinque anni, Humana realizza\u00a0<strong>programmi di medio-lungo termine nel mondo<\/strong>\u00a0per mettere le persone delle comunit\u00e0 in condizione di costruirsi un futuro migliore, grazie alla formazione e all\u2019acquisizione di nuove competenze. Humana \u00e8 inoltre impegnata con azioni sociali e di sensibilizzazione in\u00a0<strong>Italia<\/strong>.<br>Humana People to People Italia \u00e8 membro della<a href=\"https:\/\/www.humana.org\/\" target=\"_blank\" rel=\"noreferrer noopener\">\u00a0<u>Federazione Internazionale Humana People to People<\/u><\/a>\u00a0presente in\u00a046 Paesi di Africa, Asia, Europa, America.<br><br><strong><mark style=\"background-color:rgba(0, 0, 0, 0);color:#66c626\" class=\"has-inline-color\">Origini e storia della nostra organizzazione<\/mark><\/strong><\/p>\n\n\n<div class=\"wp-block-image\">\n<figure class=\"alignleft size-full is-resized\"><img loading=\"lazy\" decoding=\"async\" width=\"898\" height=\"604\" src=\"http:\/\/www.humanaitalia.org\/blog\/wp-content\/uploads\/2022\/04\/Immagine1.jpg\" alt=\"\" class=\"wp-image-654\" style=\"width:497px;height:333px\" srcset=\"https:\/\/www.humanaitalia.org\/blog\/wp-content\/uploads\/2022\/04\/Immagine1.jpg 898w, https:\/\/www.humanaitalia.org\/blog\/wp-content\/uploads\/2022\/04\/Immagine1-300x202.jpg 300w, https:\/\/www.humanaitalia.org\/blog\/wp-content\/uploads\/2022\/04\/Immagine1-768x517.jpg 768w\" sizes=\"auto, (max-width: 898px) 100vw, 898px\" \/><\/figure>\n<\/div>\n\n\n<p class=\"has-text-align-left\">Humana People to People nasce nel\u00a0<strong>1977\u00a0in Danimarca<\/strong>, dove venne costituita l\u2019associazione, indipendente e laica, \u201c<em>Development Aid from People to People<\/em>\u201d con lo scopo di\u00a0<strong>sostenere alcune delle comunit\u00e0 locali <\/strong>incontrate durante alcuni viaggi di conoscenza diretta in Africa e nel sud est asiatico.\u00a0I primi aiuti concreti arrivarono in Mozambico, dove vennero spediti generi di prima necessit\u00e0 per i rifugiati in\u00a0fuga dal regime dell\u2019apartheid della Rhodesia (oggi Zimbabwe).<\/p>\n\n\n\n<div class=\"wp-block-columns is-layout-flex wp-container-core-columns-is-layout-9d6595d7 wp-block-columns-is-layout-flex\">\n<div class=\"wp-block-column is-layout-flow wp-block-column-is-layout-flow\">\n<p>La&nbsp;<strong>creazione<\/strong>&nbsp;di una vera e propria<strong>&nbsp;organizzazione umanitaria<\/strong>&nbsp;\u00e8 stata preceduta dall\u2019avvio nel&nbsp;<strong>1970<\/strong>, sempre in Danimarca, di una&nbsp;<strong>scuola<\/strong>&nbsp;(<em>Travelling Folk High School<\/em>), il cui&nbsp;<strong>obiettivo&nbsp;<\/strong>era quello di&nbsp;<strong>offrire un\u2019esperienza di&nbsp;conoscenza diretta<\/strong>, complementare a quella teorica, in grado d\u2019incidere sul proprio modo di vedere le cose, di pensare e di agire. La conoscenza teorica, da sola, non permette di&nbsp;<strong>comprendere&nbsp;<\/strong>sino in fondo&nbsp;<strong>le vere condizioni di vita delle persone<\/strong>, soprattutto di quelle segnate da esperienze drammatiche, di povert\u00e0 e di conflitti.<em>&nbsp;L\u2019esperienza \u201csul campo\u201d permette una conoscenza che non pu\u00f2 lasciare indifferenti.<\/em><\/p>\n<\/div>\n<\/div>\n\n\n\n<p><strong>\u201c<em>Una volta ritornati, per tanti di noi non fu pi\u00f9 possibile riprendere la vita che conducevamo prima di partire. C\u2019era una scelta da fare: dimenticare la realt\u00e0 o agire e fare qualcosa. Su queste basi \u00e8 nata Humana People to People.<\/em>\u201d<\/strong><\/p>\n\n\n\n<p><strong>Karina Bolin, Presidente di Humana People to People Italia<\/strong><\/p>\n\n\n\n<p>La Scuola,\u00a0<strong>riconosciuta<\/strong>\u00a0dallo Stato e finanziata dal Ministero dell\u2019Istruzione, era\u00a0<strong>gestita\u00a0<\/strong>da un gruppo di\u00a0<strong>insegnanti\u00a0<\/strong>(il c.d. Teachers&#8217; Group) che, gradualmente, ha avviato diversi progetti. Tra questi, vi sono la\u00a0<strong>costruzione di un impianto eolico<\/strong>\u00a0presso la scuola (in quel periodo, il pi\u00f9 grande del mondo) e l\u2019avvio di diverse scuole, anche in altri Paesi tra cui Gran Bretagna, Norvegia e USA.<\/p>\n\n\n\n<p><br>I corsi prevedevano una formazione di 9 mesi, con 4 mesi di viaggio, in pullman, in barca oppure in auto-stop.&nbsp;<strong>Ogni anno<\/strong>, per circa 10 anni, circa<strong>&nbsp;200 persone partivano<\/strong>&nbsp;dalla Danimarca alla volta dell\u2019Asia, dell\u2019Africa o del Sud America.<br>Negli anni &nbsp;\u201980 e \u201990 si costituirono altre associazioni in Europa, Africa, America e Asia, dando origine a un&nbsp;<strong>movimento popolare internazionale, dalle persone alle persone<\/strong>.&nbsp;<\/p>\n\n\n\n<p>Con lo scopo di coordinare e dare supporto alle diverse associazioni nazionali, nel 1996, si costituisce la<a href=\"https:\/\/www.humana.org\/\" target=\"_blank\" rel=\"noreferrer noopener\">\u00a0<u>Federazione Internazionale Humana People to People<\/u><\/a>, che conta oggi\u00a0<strong>29 organizzazioni\u00a0<\/strong>attive in\u00a0<strong>46 paesi<\/strong>.\u00a0Attualmente la Federazione<strong>\u00a0sostiene\u00a01.584 progetti<\/strong> di cooperazione internazionale e sviluppo,\u00a0di cui\u00a0<strong>beneficiano quasi 18 milioni di persone<\/strong>, grazie anche alle <strong>132.000 tonnellate di abiti raccolti<\/strong> in Europa e Stati Uniti.<br>Questa, insieme alle persone delle comunit\u00e0 in cui opera e ai partner, continua a sostenere i Paesi che si impegnano a raggiungere gli\u00a0<strong>obiettivi di sviluppo sostenibile dell&#8217;agenda ONU 2030.<\/strong><\/p>\n\n\n\n<div class=\"wp-block-columns is-layout-flex wp-container-core-columns-is-layout-9d6595d7 wp-block-columns-is-layout-flex\">\n<div class=\"wp-block-column is-layout-flow wp-block-column-is-layout-flow\">\n<p><br><strong><a href=\"https:\/\/www.humanaitalia.org\/humana\/chi-siamo\/\" target=\"_blank\" rel=\"noreferrer noopener\">La MISSION\u00a0<\/a><\/strong>\u00a0<br>Humana People to People Italia\u00a0<strong>promuove la cultura della solidariet\u00e0 e dello sviluppo sostenibile;<\/strong><br>Humana\u00a0<strong>finanzia e realizza progetti nel mondo e contribuisce alla tutela dell&#8217;ambiente; anche attraverso la raccolta, la vendita e la donazione di abiti usati;<\/strong>\u00a0<br>Humana\u00a0si impegna ad\u00a0<strong>accrescere le capacit\u00e0 di popoli e comunit\u00e0 affinch\u00e9 divengano protagonisti del proprio futuro<\/strong>.\u00a0<\/p>\n<\/div>\n\n\n\n<div class=\"wp-block-column is-layout-flow wp-block-column-is-layout-flow\">\n<figure class=\"wp-block-image size-full\"><img loading=\"lazy\" decoding=\"async\" width=\"639\" height=\"426\" src=\"http:\/\/www.humanaitalia.org\/blog\/wp-content\/uploads\/2021\/08\/dowa.jpg\" alt=\"\" class=\"wp-image-343\" srcset=\"https:\/\/www.humanaitalia.org\/blog\/wp-content\/uploads\/2021\/08\/dowa.jpg 639w, https:\/\/www.humanaitalia.org\/blog\/wp-content\/uploads\/2021\/08\/dowa-300x200.jpg 300w\" sizes=\"auto, (max-width: 639px) 100vw, 639px\" \/><\/figure>\n<\/div>\n<\/div>\n","protected":false},"excerpt":{"rendered":"<p>Humana People to People Italia\u00a0\u00e8 un\u2019organizzazione\u00a0non profit che trova le proprie fondamenta nei concetti di\u00a0solidariet\u00e0\u00a0e di\u00a0sostenibilit\u00e0.Da oltre venticinque anni, Humana realizza\u00a0programmi di medio-lungo termine nel mondo\u00a0per mettere le persone delle comunit\u00e0 in condizione di costruirsi un futuro migliore, grazie alla formazione e all\u2019acquisizione di nuove&#8230;<\/p>\n","protected":false},"author":3,"featured_media":0,"parent":0,"menu_order":0,"comment_status":"closed","ping_status":"closed","template":"","meta":{"footnotes":""},"class_list":["post-337","page","type-page","status-publish","hentry"],"_links":{"self":[{"href":"https:\/\/www.humanaitalia.org\/blog\/wp-json\/wp\/v2\/pages\/337","targetHints":{"allow":["GET"]}}],"collection":[{"href":"https:\/\/www.humanaitalia.org\/blog\/wp-json\/wp\/v2\/pages"}],"about":[{"href":"https:\/\/www.humanaitalia.org\/blog\/wp-json\/wp\/v2\/types\/page"}],"author":[{"embeddable":true,"href":"https:\/\/www.humanaitalia.org\/blog\/wp-json\/wp\/v2\/users\/3"}],"replies":[{"embeddable":true,"href":"https:\/\/www.humanaitalia.org\/blog\/wp-json\/wp\/v2\/comments?post=337"}],"version-history":[{"count":17,"href":"https:\/\/www.humanaitalia.org\/blog\/wp-json\/wp\/v2\/pages\/337\/revisions"}],"predecessor-version":[{"id":804,"href":"https:\/\/www.humanaitalia.org\/blog\/wp-json\/wp\/v2\/pages\/337\/revisions\/804"}],"wp:attachment":[{"href":"https:\/\/www.humanaitalia.org\/blog\/wp-json\/wp\/v2\/media?parent=337"}],"curies":[{"name":"wp","href":"https:\/\/api.w.org\/{rel}","templated":true}]}}